{"id":9382,"date":"2024-10-04T13:46:30","date_gmt":"2024-10-04T13:46:30","guid":{"rendered":"https:\/\/nunoa.cl\/nunoapatrimonial\/?page_id=9382"},"modified":"2024-10-04T18:30:50","modified_gmt":"2024-10-04T18:30:50","slug":"turismo-en-nunoa","status":"publish","type":"page","link":"https:\/\/nunoa.cl\/nunoapatrimonial\/turismo-en-nunoa\/","title":{"rendered":"Turismo en \u00d1u\u00f1oa"},"content":{"rendered":"\t\t<div data-elementor-type=\"wp-page\" data-elementor-id=\"9382\" class=\"elementor elementor-9382\">\n\t\t\t\t<div class=\"elementor-element elementor-element-4f8f5d3 e-flex e-con-boxed wpr-particle-no wpr-jarallax-no wpr-parallax-no wpr-sticky-section-no e-con e-parent\" data-id=\"4f8f5d3\" data-element_type=\"container\" data-e-type=\"container\">\n\t\t\t\t\t<div class=\"e-con-inner\">\n\t\t\t\t<div class=\"elementor-element elementor-element-8a715e4 elementor-tabs-view-horizontal elementor-widget elementor-widget-tabs\" data-id=\"8a715e4\" data-element_type=\"widget\" data-e-type=\"widget\" data-widget_type=\"tabs.default\">\n\t\t\t\t<div class=\"elementor-widget-container\">\n\t\t\t\t\t\t\t<div class=\"elementor-tabs\">\n\t\t\t<div class=\"elementor-tabs-wrapper\" role=\"tablist\" >\n\t\t\t\t\t\t\t\t\t<div id=\"elementor-tab-title-1451\" class=\"elementor-tab-title elementor-tab-desktop-title\" aria-selected=\"true\" data-tab=\"1\" role=\"tab\" tabindex=\"0\" aria-controls=\"elementor-tab-content-1451\" aria-expanded=\"false\">Turismo Gastron\u00f3mico<\/div>\n\t\t\t\t\t\t\t\t\t<div id=\"elementor-tab-title-1452\" class=\"elementor-tab-title elementor-tab-desktop-title\" aria-selected=\"false\" data-tab=\"2\" role=\"tab\" tabindex=\"-1\" aria-controls=\"elementor-tab-content-1452\" aria-expanded=\"false\">Turismo Patrimonial<\/div>\n\t\t\t\t\t\t\t\t\t<div id=\"elementor-tab-title-1453\" class=\"elementor-tab-title elementor-tab-desktop-title\" aria-selected=\"false\" data-tab=\"3\" role=\"tab\" tabindex=\"-1\" aria-controls=\"elementor-tab-content-1453\" aria-expanded=\"false\">Turismo Deportivo<\/div>\n\t\t\t\t\t\t\t\t\t<div id=\"elementor-tab-title-1454\" class=\"elementor-tab-title elementor-tab-desktop-title\" aria-selected=\"false\" data-tab=\"4\" role=\"tab\" tabindex=\"-1\" aria-controls=\"elementor-tab-content-1454\" aria-expanded=\"false\">Turismo Religioso<\/div>\n\t\t\t\t\t\t\t\t\t<div id=\"elementor-tab-title-1455\" class=\"elementor-tab-title elementor-tab-desktop-title\" aria-selected=\"false\" data-tab=\"5\" role=\"tab\" tabindex=\"-1\" aria-controls=\"elementor-tab-content-1455\" aria-expanded=\"false\">Turismo Inclusivo<\/div>\n\t\t\t\t\t\t\t\t\t<div id=\"elementor-tab-title-1456\" class=\"elementor-tab-title elementor-tab-desktop-title\" aria-selected=\"false\" data-tab=\"6\" role=\"tab\" tabindex=\"-1\" aria-controls=\"elementor-tab-content-1456\" aria-expanded=\"false\">Turismo Social<\/div>\n\t\t\t\t\t\t\t<\/div>\n\t\t\t<div class=\"elementor-tabs-content-wrapper\" role=\"tablist\" aria-orientation=\"vertical\">\n\t\t\t\t\t\t\t\t\t<div class=\"elementor-tab-title elementor-tab-mobile-title\" aria-selected=\"true\" data-tab=\"1\" role=\"tab\" tabindex=\"0\" aria-controls=\"elementor-tab-content-1451\" aria-expanded=\"false\">Turismo Gastron\u00f3mico<\/div>\n\t\t\t\t\t<div id=\"elementor-tab-content-1451\" class=\"elementor-tab-content elementor-clearfix\" data-tab=\"1\" role=\"tabpanel\" aria-labelledby=\"elementor-tab-title-1451\" tabindex=\"0\" hidden=\"false\"><p><i><span style=\"font-weight: 400;\">Saborea \u00d1u\u00f1oa con nuestra amplia oferta gastron\u00f3mica. Desde la cocina tradicional chilena hasta opciones internacionales, la comuna ofrece experiencias culinarias para todos los paladares.<\/span><\/i><\/p><\/div>\n\t\t\t\t\t\t\t\t\t<div class=\"elementor-tab-title elementor-tab-mobile-title\" aria-selected=\"false\" data-tab=\"2\" role=\"tab\" tabindex=\"-1\" aria-controls=\"elementor-tab-content-1452\" aria-expanded=\"false\">Turismo Patrimonial<\/div>\n\t\t\t\t\t<div id=\"elementor-tab-content-1452\" class=\"elementor-tab-content elementor-clearfix\" data-tab=\"2\" role=\"tabpanel\" aria-labelledby=\"elementor-tab-title-1452\" tabindex=\"0\" hidden=\"hidden\"><p><i><span style=\"font-weight: 400;\">Conoce la historia de la comuna, su desarrollo urbano, sus palacios, templos, iglesias, Zonas T\u00edpicas, Monumentos Hist\u00f3ricos, Sitios de Memoria.<\/span><\/i><\/p><\/div>\n\t\t\t\t\t\t\t\t\t<div class=\"elementor-tab-title elementor-tab-mobile-title\" aria-selected=\"false\" data-tab=\"3\" role=\"tab\" tabindex=\"-1\" aria-controls=\"elementor-tab-content-1453\" aria-expanded=\"false\">Turismo Deportivo<\/div>\n\t\t\t\t\t<div id=\"elementor-tab-content-1453\" class=\"elementor-tab-content elementor-clearfix\" data-tab=\"3\" role=\"tabpanel\" aria-labelledby=\"elementor-tab-title-1453\" tabindex=\"0\" hidden=\"hidden\"><p><i><span style=\"font-weight: 400;\">\u00d1u\u00f1oa es un destino ideal para los amantes del deporte. Disfruta de nuestros parques, centros deportivos y espacios al aire libre, donde podr\u00e1s practicar tus actividades favoritas.<\/span><\/i><\/p><\/div>\n\t\t\t\t\t\t\t\t\t<div class=\"elementor-tab-title elementor-tab-mobile-title\" aria-selected=\"false\" data-tab=\"4\" role=\"tab\" tabindex=\"-1\" aria-controls=\"elementor-tab-content-1454\" aria-expanded=\"false\">Turismo Religioso<\/div>\n\t\t\t\t\t<div id=\"elementor-tab-content-1454\" class=\"elementor-tab-content elementor-clearfix\" data-tab=\"4\" role=\"tabpanel\" aria-labelledby=\"elementor-tab-title-1454\" tabindex=\"0\" hidden=\"hidden\"><p><i><span style=\"font-weight: 400;\">Conoce la diversidad religiosa de \u00d1u\u00f1oa visitando nuestros templos y espacios de culto. Estos lugares forman parte del patrimonio cultural de la comuna y ofrecen una visi\u00f3n de la vida espiritual de la comunidad.<\/span><\/i><\/p><\/div>\n\t\t\t\t\t\t\t\t\t<div class=\"elementor-tab-title elementor-tab-mobile-title\" aria-selected=\"false\" data-tab=\"5\" role=\"tab\" tabindex=\"-1\" aria-controls=\"elementor-tab-content-1455\" aria-expanded=\"false\">Turismo Inclusivo<\/div>\n\t\t\t\t\t<div id=\"elementor-tab-content-1455\" class=\"elementor-tab-content elementor-clearfix\" data-tab=\"5\" role=\"tabpanel\" aria-labelledby=\"elementor-tab-title-1455\" tabindex=\"0\" hidden=\"hidden\"><p><i><span style=\"font-weight: 400;\">\u00d1u\u00f1oa est\u00e1 comprometida con ser un destino accesible para todos. Ofrecemos opciones de turismo adaptadas para personas con discapacidades, garantizando una experiencia sin barreras para disfrutar del patrimonio y la cultura de la comuna.<\/span><\/i><\/p><\/div>\n\t\t\t\t\t\t\t\t\t<div class=\"elementor-tab-title elementor-tab-mobile-title\" aria-selected=\"false\" data-tab=\"6\" role=\"tab\" tabindex=\"-1\" aria-controls=\"elementor-tab-content-1456\" aria-expanded=\"false\">Turismo Social<\/div>\n\t\t\t\t\t<div id=\"elementor-tab-content-1456\" class=\"elementor-tab-content elementor-clearfix\" data-tab=\"6\" role=\"tabpanel\" aria-labelledby=\"elementor-tab-title-1456\" tabindex=\"0\" hidden=\"hidden\"><p><i><span style=\"font-weight: 400;\">Promovemos el acceso al turismo para todos los sectores de la poblaci\u00f3n. Con nuestro enfoque de turismo social, brindamos oportunidades de recreaci\u00f3n y aprendizaje a grupos vulnerables, asegurando que todos puedan disfrutar de la riqueza cultural y natural de \u00d1u\u00f1oa.<\/span><\/i><\/p><\/div>\n\t\t\t\t\t\t\t<\/div>\n\t\t<\/div>\n\t\t\t\t\t\t<\/div>\n\t\t\t\t<\/div>\n\t\t\t\t\t<\/div>\n\t\t\t\t<\/div>\n\t\t\t\t<\/div>\n\t\t","protected":false},"excerpt":{"rendered":"<p>Turismo Gastron\u00f3mico Turismo Patrimonial Turismo Deportivo Turismo Religioso Turismo Inclusivo Turismo Social Turismo Gastron\u00f3mico Saborea \u00d1u\u00f1oa con nuestra amplia oferta gastron\u00f3mica. Desde la cocina tradicional chilena hasta opciones internacionales, la comuna ofrece experiencias culinarias para todos los paladares. Turismo Patrimonial Conoce la historia de la comuna, su desarrollo urbano, sus palacios, templos, iglesias, Zonas T\u00edpicas, Monumentos Hist\u00f3ricos, Sitios de Memoria. Turismo Deportivo \u00d1u\u00f1oa es un destino ideal para los amantes del deporte. Disfruta de nuestros parques, centros deportivos y espacios al aire libre, donde podr\u00e1s practicar tus actividades favoritas. Turismo Religioso Conoce la diversidad religiosa de \u00d1u\u00f1oa visitando nuestros templos y espacios de culto. Estos lugares forman parte del patrimonio cultural de la comuna y ofrecen una visi\u00f3n de la vida espiritual de la comunidad. Turismo Inclusivo \u00d1u\u00f1oa est\u00e1 comprometida con ser un destino accesible para todos. Ofrecemos opciones de turismo adaptadas para personas con discapacidades, garantizando una experiencia sin barreras para disfrutar del patrimonio y la cultura de la comuna. Turismo Social Promovemos el acceso al turismo para todos los sectores de la poblaci\u00f3n. Con nuestro enfoque de turismo social, brindamos oportunidades de recreaci\u00f3n y aprendizaje a grupos vulnerables, asegurando que todos puedan disfrutar de la riqueza cultural y natural de \u00d1u\u00f1oa.<\/p>\n","protected":false},"author":1,"featured_media":9451,"parent":0,"menu_order":0,"comment_status":"closed","ping_status":"closed","template":"","meta":{"_uag_custom_page_level_css":"","footnotes":""},"class_list":["post-9382","page","type-page","status-publish","has-post-thumbnail","hentry"],"uagb_featured_image_src":{"full":["https:\/\/nunoa.cl\/nunoapatrimonial\/wp-content\/uploads\/2024\/10\/12-1-scaled-e1679007934833-2048x1336-1-e1728066635153.jpg",1018,384,false],"thumbnail":["https:\/\/nunoa.cl\/nunoapatrimonial\/wp-content\/uploads\/2024\/10\/12-1-scaled-e1679007934833-2048x1336-1-e1728066635153-150x150.jpg",150,150,true],"medium":["https:\/\/nunoa.cl\/nunoapatrimonial\/wp-content\/uploads\/2024\/10\/12-1-scaled-e1679007934833-2048x1336-1-e1728066635153-300x113.jpg",300,113,true],"medium_large":["https:\/\/nunoa.cl\/nunoapatrimonial\/wp-content\/uploads\/2024\/10\/12-1-scaled-e1679007934833-2048x1336-1-e1728066635153-768x290.jpg",768,290,true],"large":["https:\/\/nunoa.cl\/nunoapatrimonial\/wp-content\/uploads\/2024\/10\/12-1-scaled-e1679007934833-2048x1336-1-1024x668.jpg",1024,668,true],"1536x1536":["https:\/\/nunoa.cl\/nunoapatrimonial\/wp-content\/uploads\/2024\/10\/12-1-scaled-e1679007934833-2048x1336-1-1536x1002.jpg",1536,1002,true],"2048x2048":["https:\/\/nunoa.cl\/nunoapatrimonial\/wp-content\/uploads\/2024\/10\/12-1-scaled-e1679007934833-2048x1336-1-e1728066635153.jpg",1018,384,false],"appart_350x360":["https:\/\/nunoa.cl\/nunoapatrimonial\/wp-content\/uploads\/2024\/10\/12-1-scaled-e1679007934833-2048x1336-1-e1728066635153-350x360.jpg",350,360,true],"appart_350x400":["https:\/\/nunoa.cl\/nunoapatrimonial\/wp-content\/uploads\/2024\/10\/12-1-scaled-e1679007934833-2048x1336-1-e1728066635153-350x384.jpg",350,384,true],"appart_80x80":["https:\/\/nunoa.cl\/nunoapatrimonial\/wp-content\/uploads\/2024\/10\/12-1-scaled-e1679007934833-2048x1336-1-e1728066635153-80x80.jpg",80,80,true],"appart_570x340":["https:\/\/nunoa.cl\/nunoapatrimonial\/wp-content\/uploads\/2024\/10\/12-1-scaled-e1679007934833-2048x1336-1-e1728066635153-570x340.jpg",570,340,true],"appart_100x80":["https:\/\/nunoa.cl\/nunoapatrimonial\/wp-content\/uploads\/2024\/10\/12-1-scaled-e1679007934833-2048x1336-1-e1728066635153-100x80.jpg",100,80,true],"appart_750x400":["https:\/\/nunoa.cl\/nunoapatrimonial\/wp-content\/uploads\/2024\/10\/12-1-scaled-e1679007934833-2048x1336-1-e1728066635153-750x384.jpg",750,384,true],"alm-thumbnail":["https:\/\/nunoa.cl\/nunoapatrimonial\/wp-content\/uploads\/2024\/10\/12-1-scaled-e1679007934833-2048x1336-1-e1728066635153-150x150.jpg",150,150,true]},"uagb_author_info":{"display_name":"ADMIN","author_link":"https:\/\/nunoa.cl\/nunoapatrimonial\/author\/admin\/"},"uagb_comment_info":0,"uagb_excerpt":"Turismo Gastron\u00f3mico Turismo Patrimonial Turismo Deportivo Turismo Religioso Turismo Inclusivo Turismo Social Turismo Gastron\u00f3mico Saborea \u00d1u\u00f1oa con nuestra amplia oferta gastron\u00f3mica. Desde la cocina tradicional chilena hasta opciones internacionales, la comuna ofrece experiencias culinarias para todos los paladares. Turismo Patrimonial Conoce la historia de la comuna, su desarrollo urbano, sus palacios, templos, iglesias, Zonas T\u00edpicas,&hellip;","_links":{"self":[{"href":"https:\/\/nunoa.cl\/nunoapatrimonial\/wp-json\/wp\/v2\/pages\/9382","targetHints":{"allow":["GET"]}}],"collection":[{"href":"https:\/\/nunoa.cl\/nunoapatrimonial\/wp-json\/wp\/v2\/pages"}],"about":[{"href":"https:\/\/nunoa.cl\/nunoapatrimonial\/wp-json\/wp\/v2\/types\/page"}],"author":[{"embeddable":true,"href":"https:\/\/nunoa.cl\/nunoapatrimonial\/wp-json\/wp\/v2\/users\/1"}],"replies":[{"embeddable":true,"href":"https:\/\/nunoa.cl\/nunoapatrimonial\/wp-json\/wp\/v2\/comments?post=9382"}],"version-history":[{"count":7,"href":"https:\/\/nunoa.cl\/nunoapatrimonial\/wp-json\/wp\/v2\/pages\/9382\/revisions"}],"predecessor-version":[{"id":9447,"href":"https:\/\/nunoa.cl\/nunoapatrimonial\/wp-json\/wp\/v2\/pages\/9382\/revisions\/9447"}],"wp:featuredmedia":[{"embeddable":true,"href":"https:\/\/nunoa.cl\/nunoapatrimonial\/wp-json\/wp\/v2\/media\/9451"}],"wp:attachment":[{"href":"https:\/\/nunoa.cl\/nunoapatrimonial\/wp-json\/wp\/v2\/media?parent=9382"}],"curies":[{"name":"wp","href":"https:\/\/api.w.org\/{rel}","templated":true}]}}